 h - -112. Suppose -4*m + w = 3*m. List the prime factors of m.
2, 5
Let i be (16 + -19)*(-5)/((-45)/4)*-3. Suppose -f - 21 = -3*c + 2*f, 3*c - 21 = -2*f. Suppose -c*q = i*q - 858. List the prime factors of q.
2, 3, 13
Let a = 48 + -108. Let w = -45 - a. List the prime factors of (-12)/w - (-645)/25.
5
Let n be -2*((96/(-3) - -2) + 4). Suppose -39*y - 858 = -n*y. List the prime factors of y.
2, 3, 11
Let g(v) = -153*v + 808. What are the prime factors of g(-73)?
7, 29, 59
Let p(u) = 931*u + 302. What are the prime factors of p(4)?
2, 3, 11, 61
Let f be (-1 - (-230)/(-20))*(-64)/(-10). Let t = f + 640. List the prime factors of t.
2, 5, 7
Suppose -4*t - 4 = -w - 2*w, 3*w + 3*t = 18. Suppose -2*u = -w*u + 396. Suppose 0*g = -2*g + u. List the prime factors of g.
3, 11
Let y(x) = -x**2 - 2*x + 17. Let l be y(-5). Let n be ((-8 + l)*-1)/2. Suppose -282 = -n*i + 3*o - 24, 263 = 3*i + 2*o. What are the prime factors of i?
3, 29
Suppose -87923 = -5*s + o + 55915, 0 = 5*o + 15. What are the prime factors of s?
3, 43, 223
Suppose -5*k = -4*q - 23, -3*q + 44 = -3*k + 8*k. Let s(l) = -6*l**2 - 5 - 2 - 78*l + 0 + 82*l + l**3. List the prime factors of s(k).
2, 5, 7
Let k be (7 - 57) + (1 - -3). Let s = k - -47. Let g = s + 100. What are the prime factors of g?
101
Let u be 12/18*(-9)/6 + 1. Suppose 1212 = 5*k - 7*o + 8*o, -5*k + o + 1208 = u. List the prime factors of k.
2, 11
Let n be 7 - (6 + (1 + 5)/(-6)). Suppose 3*z - z - 105 = -l, 4*l = -n*z + 396. What are the prime factors of l?
97
Suppose 2*j - 22 = -4. Let y be (8 - 4)/(10/610). Suppose -j*r = -11*r + y. What are the prime factors of r?
2, 61
Suppose 0*u - 6*i + 5093 = u, -i = 3. What are the prime factors of u?
19, 269
Suppose d - 3 = -1. Suppose -5*f + d*u - 303 = 0, -2*f - 2*u = u + 125. Let r = f + 150. What are the prime factors of r?
89
Let j = -3030 - -3150. List the prime factors of j.
2, 3, 5
Let u = 238 + -241. What are the prime factors of (38/(-14) - u) + (-86656)/(-112)?
2, 3, 43
Let j be 6/(-3) - (5 - 10). Let q(z) = 2*z + 2 - 8*z**2 + 2*z + 15*z**2. List the prime factors of q(j).
7, 11
Let p(y) = -y**2 + 6*y + 19. Let k be 12/(3 + (-9)/6). Let v be p(k). What are the prime factors of (5/(-15))/(v/(-90))?
2, 5
Let b be (-414)/15 + -2*(-2)/(-10). Let z = b + 30. Suppose 0 = m - 3*p - 50, -4*p + p + 64 = z*m. List the prime factors of m.
2, 19
Suppose 206 = 13*j + 24. Suppose j*c = 7*c + 217. Let k = 64 - c. What are the prime factors of k?
3, 11
Suppose -6*w = -477 - 453. Suppose -1005 = -8*n + w. List the prime factors of n.
5, 29
Suppose -19*n + 17*n + a = -43729, 0 = 3*n + 7*a - 65636. List the prime factors of n.
3, 37, 197
Let f(s) = -11*s - 178. Let a(w) = 32*w + 534. Let q(z) = -4*a(z) - 11*f(z). List the prime factors of q(-41).
109
Let b(w) = w**2 - 8*w + 11. Let t be b(16). Let d = 156 - t. What are the prime factors of d?
17
What are the prime factors of 9 + -2 - 11/33*-9069?
2, 3, 5, 101
Suppose -90 = 3*m - 33. Let v = -1228 + 1232. Let l = v - m. List the prime factors of l.
23
Suppose -2729 = -j + 3*k, j + 4*k + 885 = 3579. What are the prime factors of j?
2, 23, 59
Let z(a) = 28*a**2 - 798*a + 110. What are the prime factors of z(47)?
2, 3, 1019
Suppose -3*s + 29136 = 178*b - 177*b, 0 = 3*b + 2*s - 87450. List the prime factors of b.
2, 3, 43, 113
Suppose 5*r + k + 0*k - 29 = 0, 5*k - 45 = -5*r. Suppose 0 = 6*l - r*l + 16. List the prime factors of 25 + (l/4 - -4).
5
Let q be 6*-3*(-3)/27. Suppose -q*w - 5*p = -2039, w = 2*w + 5*p - 1017. List the prime factors of w.
2, 7, 73
Let f be (5 - 1) + -2 + 78. Let p = -158 + f. Let k = -50 - p. List the prime factors of k.
2, 7
Suppose 4*l - 8535 = -5*k - l, -3414 = -2*k + 3*l. List the prime factors of k.
3, 569
Let x = -61968 + 129862. What are the prime factors of x?
2, 83, 409
Let u(k) = 2*k**2 + 53*k - 23. Let o be u(-27). Suppose 1285 + 2026 = 5*w - p, 0 = -3*w + o*p + 1990. What are the prime factors of w?
2, 331
Suppose 20*c - 96*c = 19*c - 548435. What are the prime factors of c?
23, 251
Let i be -3 + 4*12/16. Suppose 6*p - 4*m = 9*p, i = -2*p + 3*m. Suppose -3*g + 169 + 209 = p. What are the prime factors of g?
2, 3, 7
Suppose 0 = 4*m + 8*w - 4*w + 756, w - 1 = 0. Let i = 432 + m. What are the prime factors of i?
2, 11
Let n(r) = 2*r**3 - 32*r**2 + 72*r - 38. What are the prime factors of n(18)?
2, 1277
Suppose -4*i = -d - 3329, -19*d = i - 17*d - 839. Let t = i - 255. List the prime factors of t.
2, 17
Let n be -1 + 3 - 796 - 7. What are the prime factors of ((0 - -2) + -1)*(-3 - n)?
2, 3, 7, 19
Let i = 36 + -25. Suppose -i + 13 = r. Suppose 0 = 4*t + 3*n - 53, -r*t + t + 10 = 4*n. What are the prime factors of t?
2, 7
Suppose 2*c - 5 - 15 = 0. Let q = 83 + -81. Suppose 0 = -q*b + c + 2. What are the prime factors of b?
2, 3
Let n(a) = -a**3 - a**2. Let u(d) = 6*d**2 + 2. Let o(y) = 3*n(y) + u(y). Let m be (-18)/(-21)*119/(-34). List the prime factors of o(m).
2, 5, 11
Let n be (-3)/((-3)/10)*2025/270. Suppose y = 4 + 1, -2*y + 8 = -a. What are the prime factors of n - (1 - (a + 0))?
2, 19
Let q(m) = 7*m - 14. Let b be q(5). Let h = 23 - b. Suppose 4 = -h*t, 4*a - 48 = t + 258. What are the prime factors of a?
2, 19
Suppose 0 = -4*n - 28, -2*p + 2*n - 5*n = -66297. What are the prime factors of p?
3, 7, 1579
Let n be (-403)/(-52) + -7 + 217/4. Let q = -38 - -112. Let g = q - n. List the prime factors of g.
19
Let c = -4043 - -6532. What are the prime factors of c?
19, 131
Let z be (12/3)/(20/5850). Suppose -s - 3*b = -612, -5*s + z = -3*b - 1962. What are the prime factors of s?
2, 3, 13
Suppose l + 4*v = 151, 5*l - 1301 + 483 = v. Let t = l - 283. What are the prime factors of (-2 + 358/8)/((-45)/t)?
2, 3, 19
Let y(z) = -2*z**2 - 4*z - 1. Let w be y(-3). Let n(g) be the first derivative of -g**4/4 - 8*g**3/3 - 4*g**2 - g + 67. What are the prime factors of n(w)?
2, 3
Let g = 11420 - -14680. What are the prime factors of g?
2, 3, 5, 29
Suppose 20121 = 5*c + 4*v, -3*c + 617*v = 613*v - 12111. List the prime factors of c.
3, 17, 79
Let k(t) be the third derivative of 12*t**2 + 229/6*t**3 + 0*t - 1/24*t**4 + 0. List the prime factors of k(0).
229
Let b(q) = 2*q**3 + 15*q**2 + 7*q - 35. Let f be b(-6). Suppose 0 = -3*d - 6, 1274 = 35*u - f*u - d. List the prime factors of u.
2, 3, 53
Suppose 4*u + 2*q - 27 = -q, 21 = 3*u + 3*q. Suppose 4*k + 1008 = u*k. List the prime factors of k.
2, 3, 7
Let g(x) = 205*x - 152. What are the prime factors of g(25)?
4973
Let z(s) = 3*s - 31. Let o(r) = r**2 + 26*r + 46. Suppose 3*h + n = 2*n - 77, -2*n - 71 = 3*h. Let i be o(h). List the prime factors of z(i).
2
Let b = 31154 - -2325. List the prime factors of b.
33479
Suppose -1533 = -h + 2*f, 9 = -81*f + 78*f. List the prime factors of h.
3, 509
Suppose 10*m = -50*m + 8*m + 1177644. What are the prime factors of m?
3, 7549
Let d(r) = 14*r**3 + 37*r**2 - 24*r + 48. Let s(i) = 5*i**3 + 13*i**2 - 8*i + 16. Let l(y) = -4*d(y) + 11*s(y). List the prime factors of l(-11).
2, 311
Suppose 5*h + 4*u - 80875 = 0, -121*u - 64700 = -4*h - 126*u. What are the prime factors of h?
5, 647
Let f = 25 - 21. Suppose -3*s + n + 7 = -4, 3*s - 23 = -2*n. Suppose f*d - 480 = -2*a, -a - 618 = -s*d + a. List the prime factors of d.
2, 61
Let d(s) = 3*s - 9. Let p be d(4). Suppose 0 = -2*n + 2*y, 3*y = -p*n - 2*y. Suppose n = -2*w + 4*o + 114, -o + 89 = -4*w + 282. List the prime factors of w.
47
List the prime factors of (18*6/36)/(7/50295).
3, 5, 479
Let d(n) = -32*n**3 + 5*n**2 + 6*n + 8. Let s be d(-2). What are the prime factors of (-10)/(-15)*(s - 2)?
2, 3, 5
Let o = -2202 + 13087. What are the prime factors of o?
5, 7, 311
Suppose 199*g - 580844 = 177*g. List the prime factors of g.
2, 43, 307
Let n(m) = -425*m - 174. List the prime factors of n(-8).
2, 1613
Let h(l) = -104*l**3 - 2*l**2 + 8*l + 102. List the prime factors of h(-5).
2, 3253
Suppose -50285 = -66*u + 342644 + 7229. List the prime factors of u.
3, 43, 47
Let c(z) = z**2 - 8*z + 20. Let d be c(4). Suppose -2*k = -d*k + 94. Let f = 15 + k. What are the prime factors of f?
2, 31
Suppose 8*m = m - 427. Let i = -61 - m. Suppose -4*b + 7*b - 111 = i. List the prime factors of b.
37
Suppose 17*g = 49479 + 22703. List the prime factors of g.
2, 11, 193
Let r(u) = -360*u + 12510. List the p